- -13?
1110
In base 9, what is 7 + 102?
110
In base 14, what is -7 + -60d?
-616
In base 9, what is -883 + 3?
-880
In base 14, what is -610 - 2?
-612
In base 2, what is 1100110101 - 111?
1100101110
In base 10, what is -1 + -70?
-71
In base 16, what is -3 - -e?
b
In base 13, what is 3 - -3?
6
In base 7, what is 1 - 222?
-221
In base 6, what is -2 + 1120?
1114
In base 4, what is -2 + -112?
-120
In base 6, what is 1212 + 2?
1214
In base 3, what is -2020212 + 20?
-2020122
In base 13, what is -a6 - 4?
-aa
In base 6, what is 233 - 151?
42
In base 2, what is 0 + 101101000?
101101000
In base 5, what is 11111 - -30?
11141
In base 2, what is -11001 + 11101?
100
In base 8, what is 5 - -131?
136
In base 4, what is -23333 - 0?
-23333
In base 13, what is 8b5 - 8?
8aa
In base 9, what is 26 + 7?
34
In base 5, what is 21303 + -2?
21301
In base 5, what is -31 - -1201?
1120
In base 9, what is -3 + -7?
-11
In base 2, what is -10110 + -100010011?
-100101001
In base 9, what is 3 + 32?
35
In base 7, what is -3 - 16?
-22
In base 4, what is 102 + -1?
101
In base 15, what is b6 + -27?
8e
In base 13, what is -5 - -1a?
15
In base 7, what is 32 - 124?
-62
In base 6, what is -5 + -122?
-131
In base 9, what is -3 + 111?
107
In base 11, what is 293 - -a?
2a2
In base 9, what is -3443 - -2?
-3441
In base 3, what is -2012 + -20?
-2102
In base 16, what is -9 + 56?
4d
In base 8, what is -4 - -40?
34
In base 4, what is 11 - 32?
-21
In base 3, what is 111 + 1012210?
1020021
In base 4, what is 100032 + -10?
100022
In base 5, what is 422 + 20?
442
In base 12, what is -233 + -12?
-245
In base 11, what is 16 + -6?
10
In base 8, what is 3 + 1610?
1613
In base 5, what is 11 - 341?
-330
In base 16, what is 28 - 53?
-2b
In base 13, what is -3ab - 5?
-3b3
In base 4, what is -100230 - 3?
-100233
In base 3, what is -11211 + 0?
-11211
In base 10, what is 22 - -4?
26
In base 16, what is -16 + 46?
30
In base 12, what is -32 - -37?
5
In base 4, what is 13201 - 2?
13133
In base 9, what is 1 + 108?
110
In base 14, what is 1d + -b?
12
In base 8, what is -2 + 23?
21
In base 9, what is 4 + -1685?
-1681
In base 16, what is 2 - -25?
27
In base 16, what is 0 + -14?
-14
In base 5, what is -3 + -2133?
-2141
In base 12, what is 17b9 + 2?
17bb
In base 6, what is -12 - -11?
-1
In base 9, what is -7 - 1443?
-1451
In base 5, what is -33 - 130?
-213
In base 15, what is 2 - -e9?
eb
In base 16, what is 4ed + -2?
4eb
In base 8, what is 4 + -13?
-7
In base 9, what is 83 + -2?
81
In base 14, what is -4a - -2?
-48
In base 8, what is -3557 + -3?
-3562
In base 10, what is -1 + 38?
37
In base 10, what is -122 - 7?
-129
In base 14, what is 138 - -6?
140
In base 15, what is 7 + -256?
-24e
In base 2, what is -11110100011 - -100?
-11110011111
In base 16, what is 40 + -4?
3c
In base 6, what is -3540 - -13?
-3523
In base 5, what is -102 - 104?
-211
In base 2, what is 0 - 11100110?
-11100110
In base 3, what is -110111 + -2?
-110120
In base 3, what is 10 + 11200?
11210
In base 5, what is 13 - 112?
-44
In base 8, what is 357 + 22?
401
In base 12, what is -1a9 - 30?
-219
In base 6, what is 3 + 104?
111
In base 9, what is -106 - 12?
-118
In base 14, what is 650 - 5?
649
In base 3, what is -100 + 210?
110
In base 11, what is 4 + 568?
571
In base 12, what is 10aa0 - 4?
10a98
In base 16, what is 7a - 8?
72
In base 3, what is -210 + 100?
-110
In base 15, what is -5 - 22?
-27
In base 10, what is -12 - -17?
5
In base 11, what is 516 + -8?
509
In base 7, what is 5 - -11?
16
In base 6, what is 103035 + -5?
103030
In base 6, what is 14 + 240?
254
In base 14, what is 649 + -2?
647
In base 3, what is -2222010 + -12?
-2222022
In base 13, what is 12 + 40a?
41c
In base 6, what is -5 + 122?
113
In base 16, what is -5 - -27?
22
In base 9, what is 2263 - -10?
2273
In base 9, what is -28 + -1?
-30
In base 7, what is 11016 - 5?
11011
In base 9, what is 0 + 730?
730
In base 6, what is -114 + 23?
-51
In base 4, what is -10301 - -2?
-10233
In base 9, what is -13 - -21?
7
In base 9, what is 1144 - -27?
1172
In base 5, what is 3210 + -10?
3200
In base 5, what is -233 - 102?
-340
In base 6, what is -1 - 2353?
-2354
In base 14, what is -121d - -3?
-121a
In base 13, what is -1 + -17?
-18
In base 2, what is 110000111 - -100001?
110101000
In base 10, what is -18 - -1?
-17
In base 2, what is -100 - -1100100?
1100000
In base 14, what is 4 + 47?
4b
In base 16, what is -2b6 - -3?
-2b3
In base 5, what is -4 + -234?
-243
In base 9, what is 602 - -3?
605
In base 13, what is 13 + 37?
4a
In base 10, what is -14 + -31?
-45
In base 5, what is 2 + -43240?
-43233
In base 6, what is 5 - 41?
-32
In base 2, what is -10001011 + -11?
-10001110
In base 10, what is -4 + -9?
-13
In base 8, what is -1 + 236?
235
In base 9, what is 0 - -7120?
7120
In base 11, what is -30 - -a?
-21
In base 14, what is -b9 + -4?
-bd
In base 11, what is -9 + 21a?
211
In base 11, what is -16 + 2?
-14
In base 12, what is 242 + 2?
244
In base 14, what is -389a - 4?
-38a0
In base 9, what is 8 - 824?
-815
In base 2, what is -10001110111101 - -10?
-10001110111011
In base 5, what is -4 - -10420?
10411
In base 14, what is 5 + -84d?
-848
In base 8, what is -5 - 55?
-62
In base 13, what is 41 - -3?
44
In base 9, what is -43 + -137?
-181
In base 3, what is -21 + 1122?
1101
In base 13, what is -2b + -39?
-67
In base 8, what is 2 + -76?
-74
In base 5, what is 33 + -2?
31
In base 10, what is 3 - -188?
191
In base 14, what is 72 + -15?
5b
In base 3, what is -10 - 2200?
-2210
In base 13, what is 61 + 5?
66
In base 12, what is -1 + -48?
-49
In base 13, what is 46 - 3?
43
In base 15, what is 89 + 9?
93
In base 10, what is 2 + 1?
3
In base 7, what is 1 + -140?
-136
In base 5, what is -112 + 4?
-103
In base 12, what is -360b + 1?
-360a
In base 2, what is -101011 - 10000?
-111011
In base 14, what is 2 + 6c?
70
In base 5, what is 24 + -20400?
-20321
In base 4, what is 1203223 - 2?
1203221
In base 6, what is 0 - -5052?
5052
In base 12, what is 67 - 1?
66
In base 5, what is 1114 + -2?
1112
In base 10, what is 24 - -869?
893
In base 13, what is -5c2 + 4?
-5bb
In base 5, what is 1 - 12033?
-12032
In base 9, what is 4 + 563?
567
In base 11, what is -7 - 23?
-2a
In base 12, what is 1 - -63b?
640
In base 3, what is 1121 - -210?
2101
In base 9, what is -1434 + 0?
-1434
In base 15, what is -1 - -3c?
3b
In base 6, what is -30 + -31?
-101
In base 8, what is -6577 - -6?
-6571
In base 8, what is 21 + -145?
-124
In base 15, what is -2b5 - -1?
-2b4
In base 14, what is 2914 + 1?
2915
In base 15, what is -180 + 6?
-179
In base 14, what is 1 + 1d3?
1d4
In base 16, what is fa5 + 1?
fa6
In base 16, what is 4 - 4c6?
-4c2
In base 2, what is -1110 - 10?
-10000
In base 7, what is 11 - 40?
-26
In base 16, what is -4 + 5cd?
5c9
In base 10, what is 2 + 31?
33
In base 8, what is -4 + 172?
166
In base 7, what is 264 - 3?
261
In base 8, what is -4 + 15?
11
In base 10, what is 3 - 10?
-7
In base 6, what is -5 + 2402?
2353
In base 10, what is -122 - 31?
-153
In base 12, what is -1 - -106?
105
In base 3, what is -121 - 1022?
-1220
In base 6, what is 0 - 13?
-13
In base 11, what is 2 + -a44?
-a42
In base 11, what is 5 + 151?
156
In base 7, what is -5 - 50?
-55
In base 15, what is 52 - 1a?
37
In base 7, what is 5235 - -1?
5236
In base 12, what is -a + 194?
186
In base 3, what is 110202 - 2?
110200
In base 5, what is 102141 - 1?
102140
In base 12, what is 87 - -b5?
180
In base 9, what is -1454 + -3?
-1457
In base 7, what is -13156 + -6?
-13165
In base 14, what is -4b - -39?
-12
In base 13, what is 8 - -12?
1a
In base 5, what is -33 + 1404?
1321
In base 7, what is 353 + -4?
346
In base 11, what is -1a - 0?
-1a
In base 9, what is -1 + -187?
-188
In base 10, what is 454 + 1?
455
In base 8, what is 4 - -153?
157
In base 7, what is -1062 - -3?
-1056
In base 14, what is -1 - b14?
-b15
In base 10, what is -2 - 94?
-96
In base 5, what is 1440 - -123?
2113
In base 13, what is 1c - -2?
21
In base 9, what is 84 - 2?
82
In base 5, what is 112 - 234?
-122
In base 12, what is 87 + 4?
8b
In base 7, what is -12 + 1311?
1266
In base 9, what is 101 + -3?
87
In base 7, what is -541 - 4?
-545
In base 8, what is 76 + 120?
216
In base 4, what is -103021 + 0?
-103021
In base 15, what is 46 - 5?
41
In base 10, what is 5 - 102?
-97
In base 11, what is -590 - 0?
-590
In base 7, wh